{"id":7,"date":"2023-07-19T09:20:21","date_gmt":"2023-07-19T09:20:21","guid":{"rendered":"https:\/\/sovereignmediajp.com\/7i\/?page_id=7"},"modified":"2024-06-29T13:18:21","modified_gmt":"2024-06-29T13:18:21","slug":"servizi-di-agenzia-pubblicitaria-in-giappone","status":"publish","type":"page","link":"https:\/\/www.sovereignmediajp.com\/Advertising-agency-services-in-Japan\/","title":{"rendered":"HOME"},"content":{"rendered":"\n<div class=\"wp-block-columns is-layout-flex wp-container-core-columns-is-layout-9d6595d7 wp-block-columns-is-layout-flex\">\n<div class=\"wp-block-column clsSpace is-layout-flow wp-block-column-is-layout-flow\">\n<blockquote class=\"wp-block-quote is-layout-flow wp-block-quote-is-layout-flow\">\n<p class=\"has-text-align-left has-text-color has-medium-font-size\" style=\"color:#8b000e\"><strong>Sovereign Comm \u00e8 al tuo servizio in Giappone, Asia e nel mondo. Ti colleghiamo a muri d\u2019alto profilo, cartelloni, schermi video digitali, pannelli, cartelloni mobili, aeroporti, autobus, metropolitane, ferrovie, taxi, eventi, striscioni, poster, coperture per autobus, pannelli, centri commerciali, B2B e altre pubblicit\u00e0 esterne non-tradizionali per i marchi ed agenzie pubblicitarie per Stati Uniti, Giappone, Hong Kong, Singapore, Tailandia, &amp; molti altri&#8230;<\/strong><\/p>\n<\/blockquote>\n\n\n\n<p class=\"has-medium-font-size\">Siamo specializzati in pubblicit\u00e0 esterna, detta anche OOH, praticamente per tutta l\u2019Asia. Lavoriamo \u2013 pianifichiamo, compriamo, ci consultiamo, negoziamo, creiamo e altro \u2013come dovrebbe fare uno specialista di pubblicit\u00e0 esterne.<br>Se sei un\u2019agenzia o un compratore di annunci per dei marchi in qualunque parte del mondo, ti consegniamo il mercato asiatico, ci concentriamo nel servire le compagnie come la tua. Clicca sui servizi dal men\u00f9 per le nostre competenze. La nostra velocit\u00e0, la specializzazione in pubblicit\u00e0 esterna e le varie abilit\u00e0 linguistiche sono le cose che ci distinguono dal resto dell\u2019Asia per i servizi di pianificazione ed acquisto della pubblicit\u00e0 esterna.<\/p>\n\n\n\n<p class=\"has-medium-font-size\"><br><strong>Sovereign Comm ti fornisce vari servizi di acquisto &amp; pianificazione di pubblicit\u00e0 nei seguenti mercati e anche oltre:<\/strong><\/p>\n\n\n\n<ul class=\"has-medium-font-size wp-block-list\">\n<li>GIAPPONE<\/li>\n\n\n\n<li>SINGAPORE<\/li>\n\n\n\n<li>HONG KONG<\/li>\n\n\n\n<li>CINA<\/li>\n\n\n\n<li>MALESIA<\/li>\n\n\n\n<li>MACAO<\/li>\n\n\n\n<li>COREA DEL SUD<\/li>\n\n\n\n<li>TAIWAN<\/li>\n\n\n\n<li>AUSTRALIA \/ NUOVA ZELANDA+++<\/li>\n<\/ul>\n\n\n\n<p class=\"has-medium-font-size\">&#8211; Giornali asiatici, Riviste, Online, Pubblicit\u00e0 esterna fissa &amp; altro&#8230;<\/p>\n\n\n\n<ul class=\"has-medium-font-size wp-block-list\">\n<li><strong>Radio<\/strong><\/li>\n\n\n\n<li><strong>TV<\/strong><\/li>\n\n\n\n<li><strong>Online<\/strong><\/li>\n\n\n\n<li><strong>Giornali<\/strong><\/li>\n\n\n\n<li><strong>Riviste<\/strong><\/li>\n<\/ul>\n\n\n\n<p class=\"has-medium-font-size\"><em>Sovereign Comm ha accesso a pi\u00f9 di 6700 fornitori di servizi media nella sola Asia, raggiungendo quasi 10,000 installazioni per pubblicit\u00e0 esterne a livello globale, TV, radio, stampe, spazi pubblicitari alternativi ed online.<\/em><\/p>\n<\/div>\n<\/div>\n","protected":false},"excerpt":{"rendered":"<p>Sovereign Comm \u00e8 al tuo servizio in Giappone, Asia e nel mondo. Ti colleghiamo a muri d\u2019alto profilo, cartelloni, schermi video digitali, pannelli, cartelloni mobili, aeroporti, autobus, metropolitane, ferrovie, taxi, eventi, striscioni, poster, coperture per autobus, pannelli, centri commerciali, B2B [&hellip;]<\/p>\n","protected":false},"author":1,"featured_media":133,"parent":0,"menu_order":0,"comment_status":"closed","ping_status":"closed","template":"","meta":{"_pvb_checkbox_block_on_post":false,"footnotes":""},"class_list":["post-7","page","type-page","status-publish","has-post-thumbnail","hentry"],"yoast_head":"<!-- This site is optimized with the Yoast SEO plugin v25.0 - https:\/\/yoast.com\/wordpress\/plugins\/seo\/ -->\n<title>HOME - Sovereign Comm Italian<\/title>\n<meta name=\"description\" content=\"Servizi di agenzia pubblicitaria in Giappone Media su scala nazionale per cartelloni pubblicitari, pannelli digitali a LED, aeroporti, autobus, taxi, centri commerciali, tetti, treni e treni espressi per gli aeroporti\" \/>\n<meta name=\"robots\" content=\"index, follow, max-snippet:-1, max-image-preview:large, max-video-preview:-1\" \/>\n<link rel=\"canonical\" href=\"https:\/\/www.sovereignmediajp.com\/Advertising-agency-services-in-Japan\/\" \/>\n<meta property=\"og:locale\" content=\"it_IT\" \/>\n<meta property=\"og:type\" content=\"article\" \/>\n<meta property=\"og:title\" content=\"HOME - Sovereign Comm Italian\" \/>\n<meta property=\"og:description\" content=\"Servizi di agenzia pubblicitaria in Giappone Media su scala nazionale per cartelloni pubblicitari, pannelli digitali a LED, aeroporti, autobus, taxi, centri commerciali, tetti, treni e treni espressi per gli aeroporti\" \/>\n<meta property=\"og:url\" content=\"https:\/\/www.sovereignmediajp.com\/Advertising-agency-services-in-Japan\/\" \/>\n<meta property=\"og:site_name\" content=\"Sovereign Comm Italian\" \/>\n<meta property=\"article:modified_time\" content=\"2024-06-29T13:18:21+00:00\" \/>\n<meta property=\"og:image\" content=\"https:\/\/www.sovereignmediajp.com\/Advertising-agency-services-in-Japan\/wp-content\/uploads\/sites\/17\/2023\/07\/bg_4.jpg\" \/>\n\t<meta property=\"og:image:width\" content=\"1920\" \/>\n\t<meta property=\"og:image:height\" content=\"1080\" \/>\n\t<meta property=\"og:image:type\" content=\"image\/jpeg\" \/>\n<meta name=\"twitter:card\" content=\"summary_large_image\" \/>\n<meta name=\"twitter:label1\" content=\"Tempo di lettura stimato\" \/>\n\t<meta name=\"twitter:data1\" content=\"1 minuto\" \/>\n<script type=\"application\/ld+json\" class=\"yoast-schema-graph\">{\"@context\":\"https:\/\/schema.org\",\"@graph\":[{\"@type\":\"WebPage\",\"@id\":\"https:\/\/www.sovereignmediajp.com\/Advertising-agency-services-in-Japan\/\",\"url\":\"https:\/\/www.sovereignmediajp.com\/Advertising-agency-services-in-Japan\/\",\"name\":\"HOME - Sovereign Comm Italian\",\"isPartOf\":{\"@id\":\"https:\/\/www.sovereignmediajp.com\/Advertising-agency-services-in-Japan\/#website\"},\"primaryImageOfPage\":{\"@id\":\"https:\/\/www.sovereignmediajp.com\/Advertising-agency-services-in-Japan\/#primaryimage\"},\"image\":{\"@id\":\"https:\/\/www.sovereignmediajp.com\/Advertising-agency-services-in-Japan\/#primaryimage\"},\"thumbnailUrl\":\"https:\/\/www.sovereignmediajp.com\/Advertising-agency-services-in-Japan\/wp-content\/uploads\/sites\/17\/2023\/07\/bg_4.jpg\",\"datePublished\":\"2023-07-19T09:20:21+00:00\",\"dateModified\":\"2024-06-29T13:18:21+00:00\",\"description\":\"Servizi di agenzia pubblicitaria in Giappone Media su scala nazionale per cartelloni pubblicitari, pannelli digitali a LED, aeroporti, autobus, taxi, centri commerciali, tetti, treni e treni espressi per gli aeroporti\",\"breadcrumb\":{\"@id\":\"https:\/\/www.sovereignmediajp.com\/Advertising-agency-services-in-Japan\/#breadcrumb\"},\"inLanguage\":\"it-IT\",\"potentialAction\":[{\"@type\":\"ReadAction\",\"target\":[\"https:\/\/www.sovereignmediajp.com\/Advertising-agency-services-in-Japan\/\"]}]},{\"@type\":\"ImageObject\",\"inLanguage\":\"it-IT\",\"@id\":\"https:\/\/www.sovereignmediajp.com\/Advertising-agency-services-in-Japan\/#primaryimage\",\"url\":\"https:\/\/www.sovereignmediajp.com\/Advertising-agency-services-in-Japan\/wp-content\/uploads\/sites\/17\/2023\/07\/bg_4.jpg\",\"contentUrl\":\"https:\/\/www.sovereignmediajp.com\/Advertising-agency-services-in-Japan\/wp-content\/uploads\/sites\/17\/2023\/07\/bg_4.jpg\",\"width\":1920,\"height\":1080,\"caption\":\"sovereignmediajp building wrap\"},{\"@type\":\"BreadcrumbList\",\"@id\":\"https:\/\/www.sovereignmediajp.com\/Advertising-agency-services-in-Japan\/#breadcrumb\",\"itemListElement\":[{\"@type\":\"ListItem\",\"position\":1,\"name\":\"Home\",\"item\":\"https:\/\/www.sovereignmediajp.com\/Advertising-agency-services-in-Japan\/\"},{\"@type\":\"ListItem\",\"position\":2,\"name\":\"HOME\"}]},{\"@type\":\"WebSite\",\"@id\":\"https:\/\/www.sovereignmediajp.com\/Advertising-agency-services-in-Japan\/#website\",\"url\":\"https:\/\/www.sovereignmediajp.com\/Advertising-agency-services-in-Japan\/\",\"name\":\"Sovereign Comm Italian\",\"description\":\"Agenzia di pianificazione e acquisto di media OOH\",\"publisher\":{\"@id\":\"https:\/\/www.sovereignmediajp.com\/Advertising-agency-services-in-Japan\/#organization\"},\"alternateName\":\"sovereignmediajp\",\"potentialAction\":[{\"@type\":\"SearchAction\",\"target\":{\"@type\":\"EntryPoint\",\"urlTemplate\":\"https:\/\/www.sovereignmediajp.com\/Advertising-agency-services-in-Japan\/?s={search_term_string}\"},\"query-input\":{\"@type\":\"PropertyValueSpecification\",\"valueRequired\":true,\"valueName\":\"search_term_string\"}}],\"inLanguage\":\"it-IT\"},{\"@type\":\"Organization\",\"@id\":\"https:\/\/www.sovereignmediajp.com\/Advertising-agency-services-in-Japan\/#organization\",\"name\":\"sovereign media\",\"alternateName\":\"sovereign media\",\"url\":\"https:\/\/www.sovereignmediajp.com\/Advertising-agency-services-in-Japan\/\",\"logo\":{\"@type\":\"ImageObject\",\"inLanguage\":\"it-IT\",\"@id\":\"https:\/\/www.sovereignmediajp.com\/Advertising-agency-services-in-Japan\/#\/schema\/logo\/image\/\",\"url\":\"https:\/\/www.sovereignmediajp.com\/Advertising-agency-services-in-Japan\/wp-content\/uploads\/sites\/17\/2023\/07\/favicon.jpg\",\"contentUrl\":\"https:\/\/www.sovereignmediajp.com\/Advertising-agency-services-in-Japan\/wp-content\/uploads\/sites\/17\/2023\/07\/favicon.jpg\",\"width\":52,\"height\":66,\"caption\":\"sovereign media\"},\"image\":{\"@id\":\"https:\/\/www.sovereignmediajp.com\/Advertising-agency-services-in-Japan\/#\/schema\/logo\/image\/\"}}]}<\/script>\n<!-- \/ Yoast SEO plugin. -->","yoast_head_json":{"title":"HOME - Sovereign Comm Italian","description":"Servizi di agenzia pubblicitaria in Giappone Media su scala nazionale per cartelloni pubblicitari, pannelli digitali a LED, aeroporti, autobus, taxi, centri commerciali, tetti, treni e treni espressi per gli aeroporti","robots":{"index":"index","follow":"follow","max-snippet":"max-snippet:-1","max-image-preview":"max-image-preview:large","max-video-preview":"max-video-preview:-1"},"canonical":"https:\/\/www.sovereignmediajp.com\/Advertising-agency-services-in-Japan\/","og_locale":"it_IT","og_type":"article","og_title":"HOME - Sovereign Comm Italian","og_description":"Servizi di agenzia pubblicitaria in Giappone Media su scala nazionale per cartelloni pubblicitari, pannelli digitali a LED, aeroporti, autobus, taxi, centri commerciali, tetti, treni e treni espressi per gli aeroporti","og_url":"https:\/\/www.sovereignmediajp.com\/Advertising-agency-services-in-Japan\/","og_site_name":"Sovereign Comm Italian","article_modified_time":"2024-06-29T13:18:21+00:00","og_image":[{"width":1920,"height":1080,"url":"https:\/\/www.sovereignmediajp.com\/Advertising-agency-services-in-Japan\/wp-content\/uploads\/sites\/17\/2023\/07\/bg_4.jpg","type":"image\/jpeg"}],"twitter_card":"summary_large_image","twitter_misc":{"Tempo di lettura stimato":"1 minuto"},"schema":{"@context":"https:\/\/schema.org","@graph":[{"@type":"WebPage","@id":"https:\/\/www.sovereignmediajp.com\/Advertising-agency-services-in-Japan\/","url":"https:\/\/www.sovereignmediajp.com\/Advertising-agency-services-in-Japan\/","name":"HOME - Sovereign Comm Italian","isPartOf":{"@id":"https:\/\/www.sovereignmediajp.com\/Advertising-agency-services-in-Japan\/#website"},"primaryImageOfPage":{"@id":"https:\/\/www.sovereignmediajp.com\/Advertising-agency-services-in-Japan\/#primaryimage"},"image":{"@id":"https:\/\/www.sovereignmediajp.com\/Advertising-agency-services-in-Japan\/#primaryimage"},"thumbnailUrl":"https:\/\/www.sovereignmediajp.com\/Advertising-agency-services-in-Japan\/wp-content\/uploads\/sites\/17\/2023\/07\/bg_4.jpg","datePublished":"2023-07-19T09:20:21+00:00","dateModified":"2024-06-29T13:18:21+00:00","description":"Servizi di agenzia pubblicitaria in Giappone Media su scala nazionale per cartelloni pubblicitari, pannelli digitali a LED, aeroporti, autobus, taxi, centri commerciali, tetti, treni e treni espressi per gli aeroporti","breadcrumb":{"@id":"https:\/\/www.sovereignmediajp.com\/Advertising-agency-services-in-Japan\/#breadcrumb"},"inLanguage":"it-IT","potentialAction":[{"@type":"ReadAction","target":["https:\/\/www.sovereignmediajp.com\/Advertising-agency-services-in-Japan\/"]}]},{"@type":"ImageObject","inLanguage":"it-IT","@id":"https:\/\/www.sovereignmediajp.com\/Advertising-agency-services-in-Japan\/#primaryimage","url":"https:\/\/www.sovereignmediajp.com\/Advertising-agency-services-in-Japan\/wp-content\/uploads\/sites\/17\/2023\/07\/bg_4.jpg","contentUrl":"https:\/\/www.sovereignmediajp.com\/Advertising-agency-services-in-Japan\/wp-content\/uploads\/sites\/17\/2023\/07\/bg_4.jpg","width":1920,"height":1080,"caption":"sovereignmediajp building wrap"},{"@type":"BreadcrumbList","@id":"https:\/\/www.sovereignmediajp.com\/Advertising-agency-services-in-Japan\/#breadcrumb","itemListElement":[{"@type":"ListItem","position":1,"name":"Home","item":"https:\/\/www.sovereignmediajp.com\/Advertising-agency-services-in-Japan\/"},{"@type":"ListItem","position":2,"name":"HOME"}]},{"@type":"WebSite","@id":"https:\/\/www.sovereignmediajp.com\/Advertising-agency-services-in-Japan\/#website","url":"https:\/\/www.sovereignmediajp.com\/Advertising-agency-services-in-Japan\/","name":"Sovereign Comm Italian","description":"Agenzia di pianificazione e acquisto di media OOH","publisher":{"@id":"https:\/\/www.sovereignmediajp.com\/Advertising-agency-services-in-Japan\/#organization"},"alternateName":"sovereignmediajp","potentialAction":[{"@type":"SearchAction","target":{"@type":"EntryPoint","urlTemplate":"https:\/\/www.sovereignmediajp.com\/Advertising-agency-services-in-Japan\/?s={search_term_string}"},"query-input":{"@type":"PropertyValueSpecification","valueRequired":true,"valueName":"search_term_string"}}],"inLanguage":"it-IT"},{"@type":"Organization","@id":"https:\/\/www.sovereignmediajp.com\/Advertising-agency-services-in-Japan\/#organization","name":"sovereign media","alternateName":"sovereign media","url":"https:\/\/www.sovereignmediajp.com\/Advertising-agency-services-in-Japan\/","logo":{"@type":"ImageObject","inLanguage":"it-IT","@id":"https:\/\/www.sovereignmediajp.com\/Advertising-agency-services-in-Japan\/#\/schema\/logo\/image\/","url":"https:\/\/www.sovereignmediajp.com\/Advertising-agency-services-in-Japan\/wp-content\/uploads\/sites\/17\/2023\/07\/favicon.jpg","contentUrl":"https:\/\/www.sovereignmediajp.com\/Advertising-agency-services-in-Japan\/wp-content\/uploads\/sites\/17\/2023\/07\/favicon.jpg","width":52,"height":66,"caption":"sovereign media"},"image":{"@id":"https:\/\/www.sovereignmediajp.com\/Advertising-agency-services-in-Japan\/#\/schema\/logo\/image\/"}}]}},"_links":{"self":[{"href":"https:\/\/www.sovereignmediajp.com\/Advertising-agency-services-in-Japan\/wp-json\/wp\/v2\/pages\/7","targetHints":{"allow":["GET"]}}],"collection":[{"href":"https:\/\/www.sovereignmediajp.com\/Advertising-agency-services-in-Japan\/wp-json\/wp\/v2\/pages"}],"about":[{"href":"https:\/\/www.sovereignmediajp.com\/Advertising-agency-services-in-Japan\/wp-json\/wp\/v2\/types\/page"}],"author":[{"embeddable":true,"href":"https:\/\/www.sovereignmediajp.com\/Advertising-agency-services-in-Japan\/wp-json\/wp\/v2\/users\/1"}],"replies":[{"embeddable":true,"href":"https:\/\/www.sovereignmediajp.com\/Advertising-agency-services-in-Japan\/wp-json\/wp\/v2\/comments?post=7"}],"version-history":[{"count":7,"href":"https:\/\/www.sovereignmediajp.com\/Advertising-agency-services-in-Japan\/wp-json\/wp\/v2\/pages\/7\/revisions"}],"predecessor-version":[{"id":224,"href":"https:\/\/www.sovereignmediajp.com\/Advertising-agency-services-in-Japan\/wp-json\/wp\/v2\/pages\/7\/revisions\/224"}],"wp:featuredmedia":[{"embeddable":true,"href":"https:\/\/www.sovereignmediajp.com\/Advertising-agency-services-in-Japan\/wp-json\/wp\/v2\/media\/133"}],"wp:attachment":[{"href":"https:\/\/www.sovereignmediajp.com\/Advertising-agency-services-in-Japan\/wp-json\/wp\/v2\/media?parent=7"}],"curies":[{"name":"wp","href":"https:\/\/api.w.org\/{rel}","templated":true}]}}